{"id":48,"date":"2021-06-17T14:03:07","date_gmt":"2021-06-17T14:03:07","guid":{"rendered":"http:\/\/alfred-b.de\/?page_id=48"},"modified":"2021-09-20T18:28:06","modified_gmt":"2021-09-20T18:28:06","slug":"alfred-musiziert","status":"publish","type":"page","link":"https:\/\/alfred-b.de\/alfred\/alfred-musiziert\/","title":{"rendered":"Alfred musiziert"},"content":{"rendered":"\n<p>Im Laufe meines Lebens habe ich als Musiker viele Stationen abgegrast: Ich habe in Rockbands gespielt, Tanzmusik gemacht und durfte mich als Kontrabassist in viele verschiedenen Musikiniativen integrieren. Es waren sehr sch\u00f6ne Zeiten f\u00fcr mich und ich habe dabei viel erlebt und gelernt.<br>Heute bin ich als Liedermacher unterwegs.<br>Ich dr\u00fccke in meinen deutschsprachigen Liedern all das aus, was mich besch\u00e4ftigt und von dem ich wei\u00df, dass es auch andere Menschen bewegt.<br>Humor ist mir dabei ganz wichtig, denn ich lache gern \u2013 am liebsten mit Anderen gemeinsam. Ich greife jedoch auch die ernsten Themen des Lebens auf und erz\u00e4hle von mir selbst und meiner Umgebung. Dabei breche ich manchmal auch ganz bewu\u00dft Tabus und singe \u00fcber die Dinge, \u00fcber die &#8222;man&#8220; nicht sprechen will oder kann. Oft freuen sich die Zuh\u00f6rer, dass ein Thema endlich einmal an- und ausgesprochen wird.<br>Besonderen Spa\u00df bereitet es mir auch, wenn ich Lieder zum Mitsingen spielen darf. Das sind die Lieder, die jeder kennt. Jeder aus dem Publikum, der m\u00f6chte, sucht sich &#8222;sein&#8220; pers\u00f6nliches Lied aus. Gemeinsames Singen ist ein tolles Erlebnis!<br>Ich freue mich auch immer, wenn ich mit meiner Musik Filmprojekte unterst\u00fctzen darf. Es geht hierbei nicht um allgemeine Unterhaltungsfilme, sondern um die Produktionen von Selbsthilfeorganisationen, die ihre Sache in den Medien bekannter machen wollen.<br>Hilfe zur Selbsthilfe bei den Problemen des Lebens ist mir sehr wichtig.<\/p>\n\n\n\n<p>Euer Alfred B.<\/p>\n\n\n\n<h2 class=\"wp-block-heading\">Ausgew\u00e4hlte Lieder von Alfred B. zum Reinh\u00f6ren:<\/h2>\n\n\n\n<p>Musik von meinem aktuellen Album &#8222;Wei\u00df der Himmel&#8220;<\/p>\n\n\n\n<figure class=\"wp-block-audio\"><audio controls src=\"https:\/\/alfred-b.de\/wp-content\/uploads\/2021\/09\/Suendenbock-Alfred-B.-DEMO.mp3\"><\/audio><figcaption> &#8222;S\u00fcndenbock&#8220; <\/figcaption><\/figure>\n\n\n\n<figure class=\"wp-block-audio\"><audio controls src=\"https:\/\/alfred-b.de\/wp-content\/uploads\/2021\/09\/Engel-Alfred-B.-DEMO.mp3\"><\/audio><figcaption> &#8222;Engel&#8220;  <\/figcaption><\/figure>\n\n\n\n<figure class=\"wp-block-audio\"><audio controls src=\"https:\/\/alfred-b.de\/wp-content\/uploads\/2021\/09\/Schau-in-den-Spiegel-Alfred-B.-DEMO.mp3\"><\/audio><figcaption> &#8222;Schau in den Spiegel&#8220; <\/figcaption><\/figure>\n\n\n\n<p>Musik von meinem Album &#8222;Gemischte Gef\u00fchle&#8220;<\/p>\n\n\n\n<figure class=\"wp-block-audio\"><audio controls src=\"https:\/\/alfred-b.de\/wp-content\/uploads\/2021\/09\/Fliessband-Alfred-B.-DEMO.mp3\"><\/audio><figcaption>Flie\u00dfband<\/figcaption><\/figure>\n\n\n\n<figure class=\"wp-block-audio\"><audio controls src=\"https:\/\/alfred-b.de\/wp-content\/uploads\/2021\/09\/Apfelbaeume-Alfred-B.-DEMO.mp3\"><\/audio><figcaption>Apfelb\u00e4ume<\/figcaption><\/figure>\n","protected":false},"excerpt":{"rendered":"<p>Im Laufe meines Lebens habe ich als Musiker viele Stationen abgegrast: Ich habe in Rockbands gespielt, Tanzmusik gemacht und durfte mich als Kontrabassist in viele verschiedenen Musikiniativen integrieren. Es waren sehr sch\u00f6ne Zeiten f\u00fcr mich und ich habe dabei viel erlebt und gelernt.Heute bin ich als Liedermacher unterwegs.Ich dr\u00fccke in meinen deutschsprachigen Liedern all das [&hellip;]<\/p>\n","protected":false},"author":1,"featured_media":131,"parent":0,"menu_order":0,"comment_status":"closed","ping_status":"closed","template":"","meta":{"footnotes":""},"class_list":["post-48","page","type-page","status-publish","has-post-thumbnail","hentry"],"_links":{"self":[{"href":"https:\/\/alfred-b.de\/alfred\/wp-json\/wp\/v2\/pages\/48","targetHints":{"allow":["GET"]}}],"collection":[{"href":"https:\/\/alfred-b.de\/alfred\/wp-json\/wp\/v2\/pages"}],"about":[{"href":"https:\/\/alfred-b.de\/alfred\/wp-json\/wp\/v2\/types\/page"}],"author":[{"embeddable":true,"href":"https:\/\/alfred-b.de\/alfred\/wp-json\/wp\/v2\/users\/1"}],"replies":[{"embeddable":true,"href":"https:\/\/alfred-b.de\/alfred\/wp-json\/wp\/v2\/comments?post=48"}],"version-history":[{"count":4,"href":"https:\/\/alfred-b.de\/alfred\/wp-json\/wp\/v2\/pages\/48\/revisions"}],"predecessor-version":[{"id":219,"href":"https:\/\/alfred-b.de\/alfred\/wp-json\/wp\/v2\/pages\/48\/revisions\/219"}],"wp:featuredmedia":[{"embeddable":true,"href":"https:\/\/alfred-b.de\/alfred\/wp-json\/wp\/v2\/media\/131"}],"wp:attachment":[{"href":"https:\/\/alfred-b.de\/alfred\/wp-json\/wp\/v2\/media?parent=48"}],"curies":[{"name":"wp","href":"https:\/\/api.w.org\/{rel}","templated":true}]}}

<p>Im Laufe meines Lebens habe ich als Musiker viele Stationen abgegrast: Ich habe in Rockbands gespielt, Tanzmusik gemacht und durfte mich als Kontrabassist in viele verschiedenen Musikiniativen integrieren. Es waren sehr schöne Zeiten für mich und ich habe dabei viel erlebt und gelernt.<br>Heute bin ich als Liedermacher unterwegs.<br>Ich drücke in meinen deutschsprachigen Liedern all das aus, was mich beschäftigt und von dem ich weiß, dass es auch andere Menschen bewegt.<br>Humor ist mir dabei ganz wichtig, denn ich lache gern – am liebsten mit Anderen gemeinsam. Ich greife jedoch auch die ernsten Themen des Lebens auf und erzähle von mir selbst und meiner Umgebung. Dabei breche ich manchmal auch ganz bewußt Tabus und singe über die Dinge, über die &#8222;man&#8220; nicht sprechen will oder kann. Oft freuen sich die Zuhörer, dass ein Thema endlich einmal an- und ausgesprochen wird.<br>Besonderen Spaß bereitet es mir auch, wenn ich Lieder zum Mitsingen spielen darf. Das sind die Lieder, die jeder kennt. Jeder aus dem Publikum, der möchte, sucht sich &#8222;sein&#8220; persönliches Lied aus. Gemeinsames Singen ist ein tolles Erlebnis!<br>Ich freue mich auch immer, wenn ich mit meiner Musik Filmprojekte unterstützen darf. Es geht hierbei nicht um allgemeine Unterhaltungsfilme, sondern um die Produktionen von Selbsthilfeorganisationen, die ihre Sache in den Medien bekannter machen wollen.<br>Hilfe zur Selbsthilfe bei den Problemen des Lebens ist mir sehr wichtig.</p>



<p>Euer Alfred B.</p>



<h2 class="wp-block-heading">Ausgewählte Lieder von Alfred B. zum Reinhören:</h2>



<p>Musik von meinem aktuellen Album &#8222;Weiß der Himmel&#8220;</p>



<figure class="wp-block-audio"><audio controls src="https://alfred-b.de/wp-content/uploads/2021/09/Suendenbock-Alfred-B.-DEMO.mp3"></audio><figcaption> &#8222;Sündenbock&#8220; </figcaption></figure>



<figure class="wp-block-audio"><audio controls src="https://alfred-b.de/wp-content/uploads/2021/09/Engel-Alfred-B.-DEMO.mp3"></audio><figcaption> &#8222;Engel&#8220;  </figcaption></figure>



<figure class="wp-block-audio"><audio controls src="https://alfred-b.de/wp-content/uploads/2021/09/Schau-in-den-Spiegel-Alfred-B.-DEMO.mp3"></audio><figcaption> &#8222;Schau in den Spiegel&#8220; </figcaption></figure>



<p>Musik von meinem Album &#8222;Gemischte Gefühle&#8220;</p>



<figure class="wp-block-audio"><audio controls src="https://alfred-b.de/wp-content/uploads/2021/09/Fliessband-Alfred-B.-DEMO.mp3"></audio><figcaption>Fließband</figcaption></figure>



<figure class="wp-block-audio"><audio controls src="https://alfred-b.de/wp-content/uploads/2021/09/Apfelbaeume-Alfred-B.-DEMO.mp3"></audio><figcaption>Apfelbäume</figcaption></figure>

<p>Im Laufe meines Lebens habe ich als Musiker viele Stationen abgegrast: Ich habe in Rockbands gespielt, Tanzmusik gemacht und durfte mich als Kontrabassist in viele verschiedenen Musikiniativen integrieren. Es waren sehr schöne Zeiten für mich und ich habe dabei viel erlebt und gelernt.Heute bin ich als Liedermacher unterwegs.Ich drücke in meinen deutschsprachigen Liedern all das [&hellip;]</p>
